21). Suppose -411 = 5*z + 3*p, 3*z - x*p + 3*p = -255. What is the tens digit of (z/(-35))/(6/40)?
1
Let g be 4*2/4 - 3. Let x(i) be the second derivative of -7*i**5/4 + i**4/12 + i**3/6 + i**2/2 - 43*i. What is the tens digit of x(g)?
3
Let c(k) = -k**3 - 11*k**2 - 15*k - 10. Let q be (-1 - 2)/(6/20). What is the units digit of c(q)?
0
Let f(v) = 2*v**3 - 3*v**2 - 4*v + 5. Let p be f(3). Suppose 957 = p*y - 9*y. What is the units digit of y?
7
Suppose -7*c = -4*c + 105. Let s = 39 + c. What is the units digit of s?
4
Let n(f) = -2*f - 12. Let o = -16 + 8. Let m be n(o). Suppose 3*j + 5*s = 86, m*j + 0*s - 158 = 2*s. What is the units digit of j?
7
What is the tens digit of (-41 + 3 + 4)/(13/(-312))?
1
What is the tens digit of (-20)/2 - 50976/(-59)?
5
What is the tens digit of 18/48 + (-9994)/(-16)?
2
What is the hundreds digit of -4*1 - (-7067)/37?
1
Suppose u + 418 = 12*u. What is the tens digit of u?
3
Suppose -3*r = 2*r - 30. Suppose v = -2*v - r. Let q(c) = -11*c - 3. What is the tens digit of q(v)?
1
Let n(a) = a**2 + 7*a + 11. Let v be n(-4). Let r(h) = 3*h**3 + 2*h**2 + 2*h + 1. Let g be r(v). What is the units digit of g + -6*1/(-2)?
1
Suppose -991 = -3*p + p - 5*j, 3*p + 5*j - 1499 = 0. What is the hundreds digit of p?
5
Let u = 3208 + -162. What is the thousands digit of u?
3
What is the thousands digit of (1*(1 - 2))/(13/(-15457))?
1
Let p = 545 + -312. What is the tens digit of p?
3
Suppose -20*u = -26*u + 2400. Let i = -171 + u. What is the hundreds digit of i?
2
What is the units digit of 2658*(-9 + 190/20)?
9
Suppose -12*q + 1583 = -4357. What is the units digit of q?
5
Suppose 3*n - 63 = -69. What is the tens digit of (-3)/((-30)/(-695))*n?
3
Let x(y) be the first derivative of -y**4/4 - 10*y**3/3 + 7*y**2 + 15*y - 2. Let n be x(-11). What is the tens digit of ((-12)/8 - 0)*n?
2
Let t = 3434 - 1880. What is the tens digit of t?
5
Let k = -25 - -39. Let s = 28 - k. What is the units digit of s?
4
Suppose 5 = -2*y - 5*o + 35, 0 = -4*y - 2*o + 28. Let c = -15 - -19. Suppose 0 = -2*j + c*w + 128, 242 + 108 = y*j + 5*w. What is the tens digit of j?
6
Suppose 3*m - 3626 = -2*p, 18*m - 3646 = 15*m + 2*p. What is the tens digit of m?
1
What is the hundreds digit of 6*(-2)/(-12) - -301?
3
Suppose -62*l = -52*l - 6670. What is the tens digit of l?
6
Suppose 3*c + 10 = 8*c. Suppose 2*i + 0*i = -c. What is the units digit of (-14)/i*1/2?
7
Let w = 16 + -9. Suppose -2*g = g - c - w, -12 = 3*c. Suppose -a = -4*o - 24, -3*o + g + 0 = 4*a. What is the units digit of a?
4
What is the units digit of 27840/50 - 8/10?
6
Let o(j) = -j**2 - 30*j - 3. Suppose -53*n = -49*n + 44. What is the hundreds digit of o(n)?
2
Let u be (11 - 1) + (2 - 4). Let q = 12 - u. Let l = q - -4. What is the units digit of l?
8
Let a(y) = 56*y**2 + 11*y. What is the units digit of a(2)?
6
What is the units digit of -7 - (-492)/18*39?
9
Let d = 42 + -40. Suppose 0 = -4*n + d*y - 5*y + 23, -y = -3*n + 1. What is the units digit of n?
2
Let i = 26 + -24. Suppose 0 = j + i*j + 4*l - 128, 5*j - 5*l = 260. What is the tens digit of j?
4
Let h = 960 + -642. Suppose 8*p = -102 + h. What is the units digit of p?
7
Let k(r) be the second derivative of -r**4/12 - 5*r**3/3 - 5*r**2/2 - r. Let s be 6/45 + 92/(-15). What is the units digit of k(s)?
9
Let y = 400 - 821. Let n = -283 - y. Suppose 4*c - n + 6 = 0. What is the tens digit of c?
3
Let r = -55 - -100. What is the units digit of ((-16)/6 + 3)*r?
5
Suppose 5*k - 3 = 12, k + 15 = -3*z. What is the hundreds digit of 17430/147 - z/14?
1
Suppose -1 = l, -4*y + 4 = -l - 9. Let p = 7 - 4. Suppose -120 = -p*m - y. What is the tens digit of m?
3
Let m be 2 + 1 - 258/(-3). Suppose 4*k + 13 = m. Suppose -2*o + 31 = -k. What is the tens digit of o?
2
Let f(g) = 272*g + 16. What is the tens digit of f(1)?
8
What is the units digit of 192*(12/(-48) + 12)?
6
Let m = 139 - 108. Let n = m - -22. What is the tens digit of n?
5
Let i(q) = 6*q**3 + 5*q**2 - 2*q - 3. What is the tens digit of i(4)?
5
Let m = 17 + -9. Let t be 6/(-21)*(1 - m). Suppose 32 = 2*d + t*f, d = -0*d + f + 8. What is the units digit of d?
2
Suppose -5*x + 20 = 3*u - 20, -5 = -2*x + u. Suppose 4*t + x*n + 8 = 48, -2*n + 67 = 5*t. What is the tens digit of t?
1
Let a = -17 - -7. What is the tens digit of 2/a - (-346)/5*1?
6
What is the units digit of 0 + 0 + 1256 + 14?
0
Suppose 0 = -22*z + 10269 - 2041. What is the tens digit of z?
7
Suppose -5*b = 25, 10*d - 11*d - 2*b + 1163 = 0. What is the units digit of d?
3
Suppose 12 = -3*i + 72. Let n = 61 - i. What is the units digit of n?
1
Let u = -124 + 445. What is the tens digit of u?
2
Suppose 3*x - 3251 = -3*u + 286, 3*u = 3. What is the hundreds digit of x?
1
Suppose 16*c - 79512 = -8*c. What is the units digit of c?
3
Let a = 12 - 12. Let b(v) = -v**2 - v + 4. Let x be b(0). Suppose a = -x*m + 2*s + 44 + 24, 3*m - s - 51 = 0. What is the tens digit of m?
1
Let n be (8/4 - 1)/((-1)/237). Let h = 355 + n. What is the units digit of h?
8
What is the units digit of 79 - (-8)/(56/(-35))?
4
Let l(j) = -j**3 - 32*j**2 - 4*j + 4. What is the thousands digit of l(-33)?
1
Let n(u) = 6*u**2 + 17*u + 16. What is the thousands digit of n(20)?
2
Let n be 1 + 7 + -4 - -14. Let v = -18 + n. Suppose v = z + 3*z - 64. What is the tens digit of z?
1
Suppose 15*l - 18 = 12*l. Suppose 756 = 8*f + l*f. What is the tens digit of f?
5
Let r(u) = -4*u + 39 - 41 + 3*u - 283*u**3 + 0*u. What is the hundreds digit of r(-1)?
2
Suppose 0 = -2*w + 4*w + 4, -4*y = -4*w + 48. Let s be (2/4)/((-7)/y). What is the tens digit of -1 - (s + -5) - -63?
6
Let n(w) = w**3 - 2*w**2 + 5*w - 4. Let u(y) = y**3 - 7*y**2 + 6*y + 4. Let q be 11/(11/(-6))*-1. Let x be u(q). What is the units digit of n(x)?
8
Let g(x) = 7*x - 8. Let i be (-6)/((-3)/(-3)*-1). What is the units digit of g(i)?
4
Let d = 794 + -414. What is the tens digit of d?
8
What is the hundreds digit of (16824/(-48))/(-1 - 3/(-6))?
7
Suppose b = 3*r - 93, r + 2*b - 35 = b. Suppose r = 5*q - q + 5*n, -q + 3*n = 9. Suppose 5 = y + q. What is the units digit of y?
2
What is the thousands digit of 14197/9 + 384/(-864)?
1
Let q be 3 + (-4)/1 + 2 + 1. Suppose -321 = q*j - 7*j + 3*u, 3*u - 246 = -4*j. What is the tens digit of j?
6
Let z(p) = -5*p + 1. Let a be z(-4). Let h(x) = 9*x + 8. What is the units digit of h(a)?
7
Let l = -1634 - -3496. What is the units digit of l?
2
Let a be (-3)/12 + 1/4. Suppose 2*l = -2*m + 3*m, -l + 1 = a. What is the units digit of m?
2
Suppose 4*g = 5*g. Let f(j) = -2*j + 69. What is the units digit of f(g)?
9
What is the tens digit of (-141192)/(-162) - 4/(-9)?
7
Suppose 0 = -10*n - 4861 + 21721. What is the units digit of n?
6
Let s(b) = 2*b**3 - 9*b**2 - 10*b + 92. What is the hundreds digit of s(9)?
7
Suppose -2*a - 10 + 6 = 0. What is the units digit of (-63)/6*(-4 + a)?
3
Suppose -5*l + 14 = -6, 3*n - 3*l - 987 = 0. What is the hundreds digit of n?
3
Let c(j) = -44*j + 7. What is the units digit of c(-5)?
7
Let i(z) = z + 1. Let c(s) = 2*s + 9. Let v(h) = c(h) - 3*i(h). Let j be v(5). What is the tens digit of 33 - (j - (-1 - -2))?
3
Suppose -3*d + 6*d = -162. Let c = d - -201. What is the units digit of c?
7
Suppose -x + 0*d = -d - 985, 0 = 5*d. What is the tens digit of x?
8
Suppose 102 = 6*j - 24. Suppose -2*b - 2*n = j - 175, 3*b + n = 233. What is the tens digit of b?
7
Let s = -452 - -720. What is the hundreds digit of s?
2
Let y(q) be the third derivative of q**6/120 - q**5/12 + q**4/8 + 2*q**3/3 - 2*q**2. Let u be y(4). Suppose 3*v - v - 12 = u. What is the units digit of v?
6
Suppose -5*g - 3*o - 2084 = 0, 1252 = -3*g - o - 0*o. What is the units digit of (-1746)/(-19) - 44/g?
2
Suppose 4*z - 2*z - 3*u - 15 = 0, -z + 27 = 5*u. Suppose -w + 24 = -5*w. What is the units digit of (-3 + (-32)/w)*z?
8
Let x be (3/(-3))/((-5)/(-275)). Let d = x + 105. Suppose 15*i - d = 13*i. What is the tens digit of i?
2
Suppose 12 = 3*p, 4*y - p = 456 + 2560. Suppose -10*b = -15*b + y. What is the units digit of b?
1
Let h = -75 + 1369. What is the hundreds digit of h?
2
Let g be (0 + -1)/(5/5). Let l = g - -3. What is the units digit of 5*l/(6/15)?
5
Let z = 0 + 4. Suppose -2*r + z*r = 16. What is the units digit of r + 4 + 1 + -4?
9
What is the units digit of 19/(19/2556)